t l = -299 + 296. List the prime factors of 16 - 18 - (-831 + 2 + l).
2, 5, 83
Suppose 14*z - 20832 = -4*f + 9*z, f - 5208 = z. List the prime factors of f.
2, 3, 7, 31
Suppose 2*f - 12 = -i, 16 = -100*f + 102*f + 3*i. What are the prime factors of f?
5
Suppose -4*i = 3*f - 0*f + 46, 2*f = -3*i - 30. Let w be (f/(-27))/((-2)/(-9)). Suppose 138 = 4*r - 5*m, -w*r = -4*r - 5*m + 22. List the prime factors of r.
2
Suppose 0*v + 3*v = -5*x + 1637, -2*v - 642 = -2*x. Suppose -2*w + 394 = -5*k - x, 145 = -k + w. List the prime factors of (k/26)/((-1)/18).
3, 11
Let c(y) = -y**2 - 22*y - 23. Let q be c(-40). Let r = q + 1462. What are the prime factors of r?
719
Suppose 5*c - 7554 = -h, -2*c + 31440 = 3*h + 8817. What are the prime factors of h?
3, 7, 359
Let q(f) = 7*f**2 - 8*f - 134. Let z be q(-13). Suppose z = 22*t - 4809. What are the prime factors of t?
271
Let u(v) = 30*v**3 + v**2 - 14*v + 37. Let c be u(3). Suppose -8*x = -3*x + 4*o - c, -4*x = -3*o - 676. List the prime factors of x.
2, 83
Let x(l) = 3295*l**2 + 16*l + 12. What are the prime factors of x(-1)?
3, 1097
Let o(r) = r**3 + 59*r**2 + 106*r + 1938. What are the prime factors of o(-48)?
2, 3, 137
Let l = -947 + 2450. What are the prime factors of l?
3, 167
Suppose 6*z + 1314 - 205476 = 231786. What are the prime factors of z?
2, 17, 2137
Let x(y) = -6*y**2 - 6*y + 2. Let g be x(-3). Let s = g + 86. Let z = -35 + s. What are the prime factors of z?
17
Suppose 242*t - 140 = 252*t. Let k = t + 66. What are the prime factors of k?
2, 13
Let v = -9 - -23. Suppose -1092 = -v*l + 2*l. List the prime factors of l.
7, 13
Let z(i) = -i**2 + 6*i**2 - 4*i**2 - i**3 - 7*i + 7*i**2. Let s be z(7). Suppose 7*c - 469 - 301 = s. What are the prime factors of c?
2, 5, 11
Let i be (-1 - 3)/(1/(-43)). Let b(q) = q**3 + 7*q**2 - 71*q - 7. Let f be b(-11). Let g = f - i. What are the prime factors of g?
2, 59
Suppose -94 = -8*f + 4*f - 3*s, 0 = -2*f - 2*s + 46. Suppose f = 5*r, 2*q = -0*q + 3*r + 265. What are the prime factors of q?
2, 5, 7
Let t = 10 - 9. Let l be (12 - -4)*t*(-94)/4. Let i = -173 - l. List the prime factors of i.
7, 29
Let z be (168/5 + 3)*-5. Let a = z + 382. What are the prime factors of a?
199
Let p(w) = 130*w**2 + 298*w - 9. List the prime factors of p(-13).
3, 6029
Let v = 1 + 5. Suppose -i = v*i + 21. Let o(k) = -5*k**3 - 2*k**2 - k - 4. What are the prime factors of o(i)?
2, 29
Suppose -26*n = -22*n - 520. Let y = 47 + n. List the prime factors of y.
3, 59
What are the prime factors of -7*(1 - 5520) + 52 + 56/(-1)?
38629
Suppose 14*q - 113577 = -5*f + 13*q, 0 = -4*f - q + 90860. List the prime factors of f.
22717
Let k(i) = -i**2 - 10*i + 12. Let n be k(-11). Let v(w) = -18*w**2 + 50*w**2 + n + 18*w - 19*w + 53*w**2. What are the prime factors of v(-1)?
3, 29
Let d = -311 + 696. Let u = d + 513. What are the prime factors of u?
2, 449
Let l(v) = v**3 - 11*v**2 - 10*v - 26. Let m be l(12). List the prime factors of ((-80)/(-3) + m)*18.
2, 3, 37
Let u = -1 - -9. Suppose 75 = -3*b + u*b. What are the prime factors of 224/10 + (-6)/b?
2, 11
Suppose 63*v - 18*v - 34362 = -24*v. List the prime factors of v.
2, 3, 83
Suppose 397*x - 198*x = 196*x + 471. Let w be 1/(-1)*(-3)/(-1). Let c = x + w. What are the prime factors of c?
2, 7, 11
Let l(y) = -121*y - 63. Let n be l(-15). Let f = n - 750. List the prime factors of f.
2, 3, 167
Suppose 0 = 44*u + 79 + 185. List the prime factors of 28/u*(-774)/21*6.
2, 3, 43
Let k(l) = 8*l - 18. Let d be k(2). Let h = d - -457. What are the prime factors of h?
5, 7, 13
Suppose 30*x = 37*x + 63. List the prime factors of 1284 + -1 + (x - -4 - 0).
2, 3, 71
Let t = -9038 - -25089. List the prime factors of t.
7, 2293
Let n = -32 - -55. Let y = n - 22. What are the prime factors of 1328/44 + y/(-11)*2?
2, 3, 5
What are the prime factors of 2 - 14/4 - 2*34777/(-4)?
17387
Let r be 3 + (-3 - (-7 - -6)). Let k(f) = 346*f**3 + 5*f**2 - 4*f. What are the prime factors of k(r)?
347
Let s(m) = 1. Let i(k) = -2*k**2 + 11*k - 6. Let x(q) = i(q) + 2*s(q). Let y be x(6). List the prime factors of ((-798)/3)/(y - -5 - -4).
2, 7, 19
Suppose 5*z = -3*w + 52860, 2*w + 104*z - 35240 = 106*z. List the prime factors of w.
2, 5, 881
What are the prime factors of (82/(-5))/(-5 - (-16230)/3250)?
5, 13, 41
Let q(i) = 4*i**2 - 2*i - 23. Suppose 3*t - 3 = -3*s, 3*s - 4*s + 3*t + 21 = 0. Let g be q(s). Let f = -29 + g. What are the prime factors of f?
2, 5
Let a(w) = 601*w**3 - 2*w**2 - 8*w + 19. List the prime factors of a(4).
103, 373
Let l = -43 + 68. Suppose 0 = 15*n - l*n - 390. Let w = n - -82. What are the prime factors of w?
43
Let u = 437 - 406. Suppose -t - 15270 = -u*t. List the prime factors of t.
509
What are the prime factors of -90*2120/(-16) - -13?
2, 47, 127
Let a(l) be the first derivative of 2*l**3 - 5*l**2 + 159*l + 108. What are the prime factors of a(15)?
3, 151
Let q(w) = 2*w**2 - 18*w - 23. Let b be q(16). Let h = b + 196. Suppose -3*k - 4*r + 208 + 35 = 0, -4*r + h = 5*k. What are the prime factors of k?
7, 11
Let j = 480 + -652. Let r = j - -1133. What are the prime factors of r?
31
Let s(z) = -31*z + 5. Let k(u) = 15*u - 3. Let g(p) = -7*k(p) - 4*s(p). What are the prime factors of g(41)?
2, 3, 5, 13
Let h(d) = -3*d**3 - 5*d**2 + 46*d + 553. What are the prime factors of h(-16)?
5, 433
Let p(s) = -53*s**2 - s - 1. Suppose -x + 1 - 3 = v, v - 1 = 0. Let j(w) = 26*w**2 + 1. Let b(a) = x*p(a) - 5*j(a). What are the prime factors of b(2)?
2, 3, 5
Let d = -58 - -62. Let g = d - 0. Suppose -g*t + 16 = 0, -y + 135 = 5*t - 3*t. List the prime factors of y.
127
What are the prime factors of (119 - 114)/(5/(-22245)*-3)?
5, 1483
Let k be (7 + -5 + -1)/(1/29). Suppose -4656 = -33*h + k*h. Suppose 7*g = 131 + h. List the prime factors of g.
5, 37
Let z(r) = 8 + 17 + 21*r - 35 - 54. What are the prime factors of z(18)?
2, 157
Let c be 36/(-18) - -1*5. Let p = -104 - -104. Suppose p = -c*g + 15 + 15. List the prime factors of g.
2, 5
Suppose 5*a - 244 = a. Suppose -4*q - 4*h + a = 17, 3*q - 37 = -4*h. What are the prime factors of 3/(-3 + (-48)/(-14))*q?
7
Let g(y) = 8*y + 206. Let h(p) = -p**3 + 10*p**2 - 6*p - 6. Let n be h(9). What are the prime factors of g(n)?
2, 11, 17
Let o = -3163 - -4382. List the prime factors of o.
23, 53
Suppose -299088 = 1786*t - 1817*t. List the prime factors of t.
2, 3, 67
Let x(z) = 647*z**2 - 93*z - 10. List the prime factors of x(5).
2, 5, 157
Suppose 6*n + 1704 = 2*n. Let m = n - -1116. What are the prime factors of m?
2, 3, 5, 23
Suppose 5*g - 39162 = -3*k, -k - 4584 = -7*g - 17638. List the prime factors of k.
2, 61, 107
Suppose -4 = 4*p, -9*p + 11*p = -3*u + 69913. What are the prime factors of u?
5, 59, 79
Let s(q) = 19*q**2 + 5*q + 20. Let z(n) = 38*n**2 + 11*n + 40. Let i(t) = 13*s(t) - 6*z(t). List the prime factors of i(4).
2, 5
Suppose -191553 = -3*z + 98*r - 95*r, 127726 = 2*z + r. What are the prime factors of z?
19, 3361
Suppose 20 = 4*s, -252 = 2*y - 0*y + 4*s. Let p be (18/(-16))/(15/20)*y. Let v = p - 134. What are the prime factors of v?
2, 5, 7
Suppose 4*q = 4*f + 3 + 5, 3*q + 3*f + 6 = 0. Suppose -3*i - 10 - 2 = q. What are the prime factors of 18/24 + (-393)/i?
3, 11
Let o(a) be the first derivative of -4*a**4 - 4*a**3/3 - 7*a**2/2 - 3*a - 9. Let k be o(-5). Suppose 12*x = k - 408. List the prime factors of x.
127
Let s be (-109)/6 - (34/12 - 3). Let b = -11 - s. Suppose -4*f + 704 = b*f. List the prime factors of f.
2
Let j be 420/36 - 4/6. Suppose 0 = -7*c + j*c - 284. Let x = c + -31. List the prime factors of x.
2, 5
Let y be (-3 - (-75)/21) + (-1067)/(-7). Suppose -y*u + 148*u + 2485 = 0. What are the prime factors of u?
7, 71
Let g(u) = -55*u. Let f be g(6). Let s = -215 - f. Let h = s + -7. What are the prime factors of h?
2, 3
Suppose 33*j - 3*j - 2743965 = -15*j. What are the prime factors of j?
7, 31, 281
Let d(r) = 7*r**3 - 10*r**2 - 180*r - 92. List the prime factors of d(20).
2, 13, 929
List the prime factors of -1*(-12)/(-4) + 8081 + -17.
3, 2687
Suppose -3*y - 5*i = -3682, -178*y - i = -179*y + 1214. What are the prime factors of y?
23, 53
Suppose 23*t - 18*t = 5*f + 215, -4 = -t. Let j(z) = 2*z**2 + 67*z - 5. What are the prime factors of j(f)?
2, 53
What are the prime factors of 8/72 - (-16